remainder when (3/((-12)/y))/(3/(-3)) is divided by 2.
1
Let h be (44778/36)/17 - 4/24. Suppose 0 = w + 4*w + 5, -3*v = 2*w - h. Calculate the remainder when v is divided by 10.
5
Calculate the remainder when 15/(-2)*(732/(-61) - (-178)/(-3)) is divided by 194.
147
Suppose -3450 = 47927*n - 47957*n. What is the remainder when 11612 is divided by n?
112
Let z(w) = -30*w + 15. Calculate the remainder when 519 is divided by z(-2).
69
Suppose 2 = l, 4*k + l + l = -752. Let w = k - -258. What is the remainder when w is divided by 45?
24
Let t be 20/(-24)*4/(-10)*111. Suppose 0 = -5*z + 1 + 4, -5*n + t = -3*z. Calculate the remainder when 359 is divided by n.
7
Let s(c) = -c - 7. Let i be s(-6). Suppose 38 = 4*x + 23*f - 25*f, 3*x - 3*f - 27 = 0. Calculate the remainder when 246/9 - i/(-3) is divided by x.
7
What is the remainder when 4/22 - 402*(11 - (-1715)/(-154)) is divided by 6?
1
Let v = -3486 - -4123. Calculate the remainder when v is divided by 317.
3
What is the remainder when 3839 is divided by 60/(-1 - 0)*3/18*-16?
159
Let w be 9/45 + 42/15. What is the remainder when w - 2*((-354)/(-4))/(-1) is divided by 14?
12
What is the remainder when 839 is divided by 6/5*(107965/(-33))/(-13)?
235
Suppose 3 = 2*g - 1. Suppose -2*l - j = -2, -16 = -j - 20. Suppose l*i + g*i + h = 271, 0 = -2*h - 8. What is the remainder when i is divided by 29?
26
Let a(j) = 17*j**2 + 4*j - 40. Calculate the remainder when a(6) is divided by 80.
36
Suppose 2*t + 1100 = 6*t + 4*z, 0 = -4*t + 4*z + 1140. Suppose -3*o - t = -10*o. What is the remainder when o is divided by 15?
10
Suppose -113 = -2*i - 5*f, 5*i + 9*f - 7*f - 230 = 0. Let d be (-3)/42*4 - i/(-7). Suppose 14 + d = 4*q. What is the remainder when q is divided by 2?
1
Suppose -2*l - 15*l + 31*l = 196. What is the remainder when 9643 is divided by l?
11
Calculate the remainder when 1923/(-2)*(-330)/495 is divided by 92.
89
Suppose -16219 = -1767*y + 1760*y. What is the remainder when y is divided by 771?
4
Suppose -357 = 5*r - 67. Let d = r + 52. What is the remainder when 12 + 1 + (72/d)/4 is divided by 7?
3
Suppose 4*a = 4*o - 492, 587 + 68 = 5*o + 3*a. What is the remainder when o is divided by 59?
10
Suppose 4*r = 4, 0 = 3*g - 5*r - 51 - 115. What is the remainder when (-6)/(-57) + 5238/g + 3 is divided by 30?
5
Let f be (-214)/((1 + 3/(-9))*3). Let r = f - -113. Calculate the remainder when r is divided by 3.
0
Let r = 35 - 11. Suppose 0 = -7*n + 12*n + 4*n. Suppose n = -5*m + 716 - 691. What is the remainder when r is divided by m?
4
Suppose -5*h + 151 = 3*y, -4*y - h + 131 = -y. Let x = -627 - -213. Let g = x - -580. Calculate the remainder when g is divided by y.
40
Let k(c) = -2*c**3 - 91*c**2 + 246*c + 165. Let o be k(-48). Let h = -260 - -432. Let b = h + o. What is the remainder when b is divided by 26?
23
Let n be (-11 - -1)*(-3)/6*1. Calculate the remainder when (-4)/(-22) - ((-1420)/11)/n is divided by -1 + (13 - (-3)/1).
11
Let l(n) = 6*n**2 + 129*n - 885. Let u be (-13)/(-2) + 1/2. What is the remainder when (-1 + 4)*(-3 + u) is divided by l(-27)?
0
What is the remainder when 270 - 3*(-12)/9 is divided by (-81)/(-7) + 204/(-357)?
10
Suppose -277*n + 59*n = -558298. Calculate the remainder when n is divided by 14.
13
Let t(u) = 3*u + 15. Let f be t(-5). Suppose f = 2*n - 0*n - 54. Calculate the remainder when n is divided by (-3)/((-1)/(-10)*-2).
12
Let d(n) = 5*n - 26. Let b(u) = -6*u + 25. Let g(y) = -2*b(y) - 3*d(y). Let k = -77 - -85. What is the remainder when g(k) is divided by 4?
0
Suppose b = 2*y + 6, -b = -3*y - 3 - 1. Let p(d) = 18*d - 139. What is the remainder when 120 is divided by p(b)?
38
Let q(d) = -d**2 + 63*d + 579. What is the remainder when 1982 is divided by q(-8)?
2
Let r be -1 - (-2)/3 - 553/(-3). Let c = r + -60. Let k = c + -99. What is the remainder when k is divided by 11?
3
Let d be (-1)/(-2) - (-27)/18. Suppose -4*g + y = -27, g = 3*g - d*y - 12. Let f(j) = -j**2 + 10*j - 7. What is the remainder when f(g) is divided by 4?
2
Suppose 2*i - 499*m + 494*m - 450 = 0, i = -4*m + 212. Calculate the remainder when i is divided by 21.
10
What is the remainder when 205 + -207 - 55*-8 is divided by (-8)/10*(-110)/4?
20
Suppose 4*x - 33 = 19. What is the remainder when 15/(360/84)*(-20)/(-2) is divided by x?
9
Let l(y) = y**2 + 18*y + 20. Let u = 20 - 37. Let p(t) = -2*t**2 + 27*t - 12. What is the remainder when p(12) is divided by l(u)?
0
Let g be (8/(-10))/((-2)/10). Suppose -g*t - 116 = -2*t. What is the remainder when (15/(-2) - 0)*t/87 is divided by 2?
1
Let z(p) = 89*p**2 - 68*p - 69. Calculate the remainder when z(-1) is divided by 8.
0
Let f(w) = -w + 65. Let y be f(0). Suppose 7*m - 12*m + y = 0. Suppose -5*l + 79 = -31. What is the remainder when l is divided by m?
9
Let m = -3053 - -3211. What is the remainder when m is divided by 144?
14
Suppose 55*c = 142*c - 2784. Suppose x - 2*x + 217 = -4*g, 2*g = -4*x + 886. What is the remainder when x is divided by c?
29
Let v = 448 - 846. Let m = 453 + v. Calculate the remainder when 270 is divided by m.
50
Let h(z) = z**2 + z - 4. Let d be h(0). Let y(s) = -60*s - 35. What is the remainder when y(d) is divided by 13?
10
Let w = 18414 - 18299. Calculate the remainder when w is divided by 86.
29
Let j = 6 + -19. Let h(b) be the third derivative of -b**6/120 - 13*b**5/60 + 8*b**3/3 + 8*b**2 + 4*b. Calculate the remainder when 33 is divided by h(j).
1
Let c be ((-51)/12)/((-3)/(-24)*-2). Suppose -4*v - 123 = 3*w, w + c = -v - 15. Let s = v - -45. What is the remainder when 52 is divided by s?
16
Let k(x) = x**2 - 6*x + 7. Let p be k(5). Suppose -4*m - 2*t = -48, -p*m + t + 16 = -0*t. Calculate the remainder when ((-18)/(-27))/(6/117) is divided by m.
3
Let c = 14 - 2. Calculate the remainder when 2/17 + (-446875)/(-5525) is divided by c.
9
Suppose n - 9 - 6 = 5*l, -4*n = -2*l - 24. Let a(c) = -c**3 + 6*c**2 + 2*c + 2. What is the remainder when a(n) is divided by 585/26 + -7 - -2*(-6)/8?
9
Let j(t) = t**3 + 17*t**2 - 23*t + 26. Let y be j(-17). Suppose 13*q - 16*q = -y. What is the remainder when q is divided by 15?
4
Suppose 4*y + 203 = 7. Let j = -23 - y. Calculate the remainder when (6/4 - (5 + 0))/(4/(-56)) is divided by j.
23
Let a(n) = -162*n - 25. Let h be a(2). Let x = h + 412. Calculate the remainder when x is divided by 8.
7
Let y be ((-276)/(-27) - 2) + (-10)/45. Suppose -y*i + 32 = -32. What is the remainder when 886/16 - 3/i is divided by 28?
27
Let a = -16 + 32. Suppose -2*r + 0*r + a = 0. Suppose 0 = -v + 3*l + 14 + r, -l = 2*v - 9. Calculate the remainder when 19 is divided by v.
5
Let r(g) = 298*g**2 + 4*g - 1. Calculate the remainder when r(2) is divided by 363.
110
Let o = 76 - 52. Suppose t - o = -f + 5*t, -2*f - 2*t = -8. What is the remainder when 39 is divided by f?
7
Let z = 4366 - 4341. What is the remainder when 791 is divided by z?
16
What is the remainder when 781 is divided by 1960/1715 - 1593/(-21)?
11
Let c be (-2)/4 + (-123)/(-6). Let r = c + 25. What is the remainder when r is divided by (-4578)/(-189) - (16/18)/4?
21
Let o be ((-12)/(-8))/((-3)/16). What is the remainder when (4/o)/(3/(-52*21)) is divided by 37?
34
Let i(t) = 14*t + 208. Let z be i(-15). Let r(l) = -61*l - 3. What is the remainder when r(-2) is divided by 800/(32/z)*1/(-2)?
19
Let j(z) = z**2 - 12*z - 1. Let s be j(-5). Suppose 12 = -3*l, 2*k = 4*k + l - 374. Calculate the remainder when k is divided by 536/14 - 24/s.
37
Let s(g) = 2041*g - 7720. Calculate the remainder when s(4) is divided by 27.
12
Let v(u) = 13*u**3 - 155*u**2 - 73. Calculate the remainder when v(12) is divided by (-3 + 2)*-19*1.
14
Let l = 14 - 17. What is the remainder when -5*(l + 9)/(-2) is divided by 7 - 0*(-7)/49?
1
Suppose -3*t - 85 = -q, -4*q = -7*q + 3*t + 237. Calculate the remainder when 191 is divided by q.
39
Let n be (-86)/(3/(-15)*1). Let h = n - 412. What is the remainder when 608 is divided by h?
14
Let u = 3704 - 2560. What is the remainder when u is divided by 42?
10
Let p(o) be the first derivative of -o**3/3 + 7*o**2/2 - 4*o + 7. Calculate the remainder when (48/9)/((-37)/(-111)) is divided by p(5).
4
Suppose 38*u = 5*l + 36*u - 63, 4*u = -5*l + 99. What is the remainder when 1017 is divided by l?
12
Suppose 5*a + 5*w + 1071 = -3